{"id":95,"date":"2021-04-15T16:56:58","date_gmt":"2021-04-15T14:56:58","guid":{"rendered":"https:\/\/www.probike-messerli.ch\/?page_id=95"},"modified":"2021-12-03T18:55:12","modified_gmt":"2021-12-03T16:55:12","slug":"uber-us","status":"publish","type":"page","link":"https:\/\/www.probike-messerli.ch\/?page_id=95&lang=brn","title":{"rendered":"\u00dcber \u00fcs"},"content":{"rendered":"\n<p>Hie wird \u00e4 Churzbiografie stah.<\/p>\n\n\n\n<figure class=\"wp-block-image size-large\"><img loading=\"lazy\" decoding=\"async\" width=\"1024\" height=\"629\" src=\"https:\/\/www.probike-messerli.ch\/wp-content\/uploads\/2021\/06\/Shop-front-1-1024x629.jpg\" alt=\"\" class=\"wp-image-350\" srcset=\"https:\/\/www.probike-messerli.ch\/wp-content\/uploads\/2021\/06\/Shop-front-1-1024x629.jpg 1024w, https:\/\/www.probike-messerli.ch\/wp-content\/uploads\/2021\/06\/Shop-front-1-300x184.jpg 300w, https:\/\/www.probike-messerli.ch\/wp-content\/uploads\/2021\/06\/Shop-front-1-768x471.jpg 768w, https:\/\/www.probike-messerli.ch\/wp-content\/uploads\/2021\/06\/Shop-front-1-1536x943.jpg 1536w, https:\/\/www.probike-messerli.ch\/wp-content\/uploads\/2021\/06\/Shop-front-1-2048x1257.jpg 2048w\" sizes=\"(max-width: 1024px) 100vw, 1024px\" \/><\/figure>\n","protected":false},"excerpt":{"rendered":"<p>Hie wird \u00e4 Churzbiografie stah.<\/p>\n","protected":false},"author":1,"featured_media":0,"parent":0,"menu_order":0,"comment_status":"closed","ping_status":"closed","template":"","meta":{"footnotes":""},"class_list":["post-95","page","type-page","status-publish","hentry"],"yoast_head":"<!-- This site is optimized with the Yoast SEO plugin v25.6 - https:\/\/yoast.com\/wordpress\/plugins\/seo\/ -->\n<title>\u00dcber \u00fcs &#8211; Pro Bike Messerli<\/title>\n<meta name=\"robots\" content=\"index, follow, max-snippet:-1, max-image-preview:large, max-video-preview:-1\" \/>\n<link rel=\"canonical\" href=\"https:\/\/www.probike-messerli.ch\/?page_id=95&lang=brn\" \/>\n<meta property=\"og:locale\" content=\"en_US\" \/>\n<meta property=\"og:type\" content=\"article\" \/>\n<meta property=\"og:title\" content=\"\u00dcber \u00fcs &#8211; Pro Bike Messerli\" \/>\n<meta property=\"og:description\" content=\"Hie wird \u00e4 Churzbiografie stah.\" \/>\n<meta property=\"og:url\" content=\"https:\/\/www.probike-messerli.ch\/?page_id=95&amp;lang=brn\" \/>\n<meta property=\"og:site_name\" content=\"Pro Bike Messerli\" \/>\n<meta property=\"article:modified_time\" content=\"2021-12-03T16:55:12+00:00\" \/>\n<meta property=\"og:image\" content=\"https:\/\/www.probike-messerli.ch\/wp-content\/uploads\/2021\/06\/Shop-front-1-1024x629.jpg\" \/>\n<meta name=\"twitter:card\" content=\"summary_large_image\" \/>\n<meta name=\"twitter:label1\" content=\"Est. reading time\" \/>\n\t<meta name=\"twitter:data1\" content=\"1 minute\" \/>\n<script type=\"application\/ld+json\" class=\"yoast-schema-graph\">{\"@context\":\"https:\/\/schema.org\",\"@graph\":[{\"@type\":\"WebPage\",\"@id\":\"https:\/\/www.probike-messerli.ch\/?page_id=95&lang=brn\",\"url\":\"https:\/\/www.probike-messerli.ch\/?page_id=95&lang=brn\",\"name\":\"\u00dcber \u00fcs &#8211; Pro Bike Messerli\",\"isPartOf\":{\"@id\":\"https:\/\/www.probike-messerli.ch\/#website\"},\"primaryImageOfPage\":{\"@id\":\"https:\/\/www.probike-messerli.ch\/?page_id=95&lang=brn#primaryimage\"},\"image\":{\"@id\":\"https:\/\/www.probike-messerli.ch\/?page_id=95&lang=brn#primaryimage\"},\"thumbnailUrl\":\"https:\/\/www.probike-messerli.ch\/wp-content\/uploads\/2021\/06\/Shop-front-1-1024x629.jpg\",\"datePublished\":\"2021-04-15T14:56:58+00:00\",\"dateModified\":\"2021-12-03T16:55:12+00:00\",\"breadcrumb\":{\"@id\":\"https:\/\/www.probike-messerli.ch\/?page_id=95&lang=brn#breadcrumb\"},\"inLanguage\":\"en-US\",\"potentialAction\":[{\"@type\":\"ReadAction\",\"target\":[\"https:\/\/www.probike-messerli.ch\/?page_id=95&lang=brn\"]}]},{\"@type\":\"ImageObject\",\"inLanguage\":\"en-US\",\"@id\":\"https:\/\/www.probike-messerli.ch\/?page_id=95&lang=brn#primaryimage\",\"url\":\"https:\/\/www.probike-messerli.ch\/wp-content\/uploads\/2021\/06\/Shop-front-1-1024x629.jpg\",\"contentUrl\":\"https:\/\/www.probike-messerli.ch\/wp-content\/uploads\/2021\/06\/Shop-front-1-1024x629.jpg\"},{\"@type\":\"BreadcrumbList\",\"@id\":\"https:\/\/www.probike-messerli.ch\/?page_id=95&lang=brn#breadcrumb\",\"itemListElement\":[{\"@type\":\"ListItem\",\"position\":1,\"name\":\"Home\",\"item\":\"https:\/\/www.probike-messerli.ch\/\"},{\"@type\":\"ListItem\",\"position\":2,\"name\":\"\u00dcber \u00fcs\"}]},{\"@type\":\"WebSite\",\"@id\":\"https:\/\/www.probike-messerli.ch\/#website\",\"url\":\"https:\/\/www.probike-messerli.ch\/\",\"name\":\"Pro Bike Messerli\",\"description\":\"Velo - Mofa - Roller - Motorrad\",\"publisher\":{\"@id\":\"https:\/\/www.probike-messerli.ch\/#organization\"},\"potentialAction\":[{\"@type\":\"SearchAction\",\"target\":{\"@type\":\"EntryPoint\",\"urlTemplate\":\"https:\/\/www.probike-messerli.ch\/?s={search_term_string}\"},\"query-input\":{\"@type\":\"PropertyValueSpecification\",\"valueRequired\":true,\"valueName\":\"search_term_string\"}}],\"inLanguage\":\"en-US\"},{\"@type\":\"Organization\",\"@id\":\"https:\/\/www.probike-messerli.ch\/#organization\",\"name\":\"Pro Bike Messerli\",\"url\":\"https:\/\/www.probike-messerli.ch\/\",\"logo\":{\"@type\":\"ImageObject\",\"inLanguage\":\"en-US\",\"@id\":\"https:\/\/www.probike-messerli.ch\/#\/schema\/logo\/image\/\",\"url\":\"https:\/\/www.probike-messerli.ch\/wp-content\/uploads\/2021\/04\/Pro_Bike_Messerli_schwarz_bkgnd.png\",\"contentUrl\":\"https:\/\/www.probike-messerli.ch\/wp-content\/uploads\/2021\/04\/Pro_Bike_Messerli_schwarz_bkgnd.png\",\"width\":1063,\"height\":1063,\"caption\":\"Pro Bike Messerli\"},\"image\":{\"@id\":\"https:\/\/www.probike-messerli.ch\/#\/schema\/logo\/image\/\"},\"sameAs\":[\"https:\/\/www.instagram.com\/probike_messerli\/\"]}]}<\/script>\n<!-- \/ Yoast SEO plugin. -->","yoast_head_json":{"title":"\u00dcber \u00fcs &#8211; Pro Bike Messerli","robots":{"index":"index","follow":"follow","max-snippet":"max-snippet:-1","max-image-preview":"max-image-preview:large","max-video-preview":"max-video-preview:-1"},"canonical":"https:\/\/www.probike-messerli.ch\/?page_id=95&lang=brn","og_locale":"en_US","og_type":"article","og_title":"\u00dcber \u00fcs &#8211; Pro Bike Messerli","og_description":"Hie wird \u00e4 Churzbiografie stah.","og_url":"https:\/\/www.probike-messerli.ch\/?page_id=95&lang=brn","og_site_name":"Pro Bike Messerli","article_modified_time":"2021-12-03T16:55:12+00:00","og_image":[{"url":"https:\/\/www.probike-messerli.ch\/wp-content\/uploads\/2021\/06\/Shop-front-1-1024x629.jpg","type":"","width":"","height":""}],"twitter_card":"summary_large_image","twitter_misc":{"Est. reading time":"1 minute"},"schema":{"@context":"https:\/\/schema.org","@graph":[{"@type":"WebPage","@id":"https:\/\/www.probike-messerli.ch\/?page_id=95&lang=brn","url":"https:\/\/www.probike-messerli.ch\/?page_id=95&lang=brn","name":"\u00dcber \u00fcs &#8211; Pro Bike Messerli","isPartOf":{"@id":"https:\/\/www.probike-messerli.ch\/#website"},"primaryImageOfPage":{"@id":"https:\/\/www.probike-messerli.ch\/?page_id=95&lang=brn#primaryimage"},"image":{"@id":"https:\/\/www.probike-messerli.ch\/?page_id=95&lang=brn#primaryimage"},"thumbnailUrl":"https:\/\/www.probike-messerli.ch\/wp-content\/uploads\/2021\/06\/Shop-front-1-1024x629.jpg","datePublished":"2021-04-15T14:56:58+00:00","dateModified":"2021-12-03T16:55:12+00:00","breadcrumb":{"@id":"https:\/\/www.probike-messerli.ch\/?page_id=95&lang=brn#breadcrumb"},"inLanguage":"en-US","potentialAction":[{"@type":"ReadAction","target":["https:\/\/www.probike-messerli.ch\/?page_id=95&lang=brn"]}]},{"@type":"ImageObject","inLanguage":"en-US","@id":"https:\/\/www.probike-messerli.ch\/?page_id=95&lang=brn#primaryimage","url":"https:\/\/www.probike-messerli.ch\/wp-content\/uploads\/2021\/06\/Shop-front-1-1024x629.jpg","contentUrl":"https:\/\/www.probike-messerli.ch\/wp-content\/uploads\/2021\/06\/Shop-front-1-1024x629.jpg"},{"@type":"BreadcrumbList","@id":"https:\/\/www.probike-messerli.ch\/?page_id=95&lang=brn#breadcrumb","itemListElement":[{"@type":"ListItem","position":1,"name":"Home","item":"https:\/\/www.probike-messerli.ch\/"},{"@type":"ListItem","position":2,"name":"\u00dcber \u00fcs"}]},{"@type":"WebSite","@id":"https:\/\/www.probike-messerli.ch\/#website","url":"https:\/\/www.probike-messerli.ch\/","name":"Pro Bike Messerli","description":"Velo - Mofa - Roller - Motorrad","publisher":{"@id":"https:\/\/www.probike-messerli.ch\/#organization"},"potentialAction":[{"@type":"SearchAction","target":{"@type":"EntryPoint","urlTemplate":"https:\/\/www.probike-messerli.ch\/?s={search_term_string}"},"query-input":{"@type":"PropertyValueSpecification","valueRequired":true,"valueName":"search_term_string"}}],"inLanguage":"en-US"},{"@type":"Organization","@id":"https:\/\/www.probike-messerli.ch\/#organization","name":"Pro Bike Messerli","url":"https:\/\/www.probike-messerli.ch\/","logo":{"@type":"ImageObject","inLanguage":"en-US","@id":"https:\/\/www.probike-messerli.ch\/#\/schema\/logo\/image\/","url":"https:\/\/www.probike-messerli.ch\/wp-content\/uploads\/2021\/04\/Pro_Bike_Messerli_schwarz_bkgnd.png","contentUrl":"https:\/\/www.probike-messerli.ch\/wp-content\/uploads\/2021\/04\/Pro_Bike_Messerli_schwarz_bkgnd.png","width":1063,"height":1063,"caption":"Pro Bike Messerli"},"image":{"@id":"https:\/\/www.probike-messerli.ch\/#\/schema\/logo\/image\/"},"sameAs":["https:\/\/www.instagram.com\/probike_messerli\/"]}]}},"_links":{"self":[{"href":"https:\/\/www.probike-messerli.ch\/index.php?rest_route=\/wp\/v2\/pages\/95"}],"collection":[{"href":"https:\/\/www.probike-messerli.ch\/index.php?rest_route=\/wp\/v2\/pages"}],"about":[{"href":"https:\/\/www.probike-messerli.ch\/index.php?rest_route=\/wp\/v2\/types\/page"}],"author":[{"embeddable":true,"href":"https:\/\/www.probike-messerli.ch\/index.php?rest_route=\/wp\/v2\/users\/1"}],"replies":[{"embeddable":true,"href":"https:\/\/www.probike-messerli.ch\/index.php?rest_route=%2Fwp%2Fv2%2Fcomments&post=95"}],"version-history":[{"count":3,"href":"https:\/\/www.probike-messerli.ch\/index.php?rest_route=\/wp\/v2\/pages\/95\/revisions"}],"predecessor-version":[{"id":446,"href":"https:\/\/www.probike-messerli.ch\/index.php?rest_route=\/wp\/v2\/pages\/95\/revisions\/446"}],"wp:attachment":[{"href":"https:\/\/www.probike-messerli.ch\/index.php?rest_route=%2Fwp%2Fv2%2Fmedia&parent=95"}],"curies":[{"name":"wp","href":"https:\/\/api.w.org\/{rel}","templated":true}]}}

Über üs

<p>Hie wird ä Churzbiografie stah.</p>



<figure class="wp-block-image size-large"><img loading="lazy" decoding="async" width="1024" height="629" src="https://www.probike-messerli.ch/wp-content/uploads/2021/06/Shop-front-1-1024x629.jpg" alt="" class="wp-image-350" srcset="https://www.probike-messerli.ch/wp-content/uploads/2021/06/Shop-front-1-1024x629.jpg 1024w, https://www.probike-messerli.ch/wp-content/uploads/2021/06/Shop-front-1-300x184.jpg 300w, https://www.probike-messerli.ch/wp-content/uploads/2021/06/Shop-front-1-768x471.jpg 768w, https://www.probike-messerli.ch/wp-content/uploads/2021/06/Shop-front-1-1536x943.jpg 1536w, https://www.probike-messerli.ch/wp-content/uploads/2021/06/Shop-front-1-2048x1257.jpg 2048w" sizes="(max-width: 1024px) 100vw, 1024px" /></figure>

<p>Hie wird ä Churzbiografie stah.</p>

<!-- This site is optimized with the Yoast SEO plugin v25.6 - https://yoast.com/wordpress/plugins/seo/ -->
<title>Über üs &#8211; Pro Bike Messerli</title>
<meta name="robots" content="index, follow, max-snippet:-1, max-image-preview:large, max-video-preview:-1" />
<link rel="canonical" href="https://www.probike-messerli.ch/?page_id=95&lang=brn" />
<meta property="og:locale" content="en_US" />
<meta property="og:type" content="article" />
<meta property="og:title" content="Über üs &#8211; Pro Bike Messerli" />
<meta property="og:description" content="Hie wird ä Churzbiografie stah." />
<meta property="og:url" content="https://www.probike-messerli.ch/?page_id=95&amp;lang=brn" />
<meta property="og:site_name" content="Pro Bike Messerli" />
<meta property="article:modified_time" content="2021-12-03T16:55:12+00:00" />
<meta property="og:image" content="https://www.probike-messerli.ch/wp-content/uploads/2021/06/Shop-front-1-1024x629.jpg" />
<meta name="twitter:card" content="summary_large_image" />
<meta name="twitter:label1" content="Est. reading time" />
	<meta name="twitter:data1" content="1 minute" />
<script type="application/ld+json" class="yoast-schema-graph">{"@context":"https://schema.org","@graph":[{"@type":"WebPage","@id":"https://www.probike-messerli.ch/?page_id=95&lang=brn","url":"https://www.probike-messerli.ch/?page_id=95&lang=brn","name":"Über üs &#8211; Pro Bike Messerli","isPartOf":{"@id":"https://www.probike-messerli.ch/#website"},"primaryImageOfPage":{"@id":"https://www.probike-messerli.ch/?page_id=95&lang=brn#primaryimage"},"image":{"@id":"https://www.probike-messerli.ch/?page_id=95&lang=brn#primaryimage"},"thumbnailUrl":"https://www.probike-messerli.ch/wp-content/uploads/2021/06/Shop-front-1-1024x629.jpg","datePublished":"2021-04-15T14:56:58+00:00","dateModified":"2021-12-03T16:55:12+00:00","breadcrumb":{"@id":"https://www.probike-messerli.ch/?page_id=95&lang=brn#breadcrumb"},"inLanguage":"en-US","potentialAction":[{"@type":"ReadAction","target":["https://www.probike-messerli.ch/?page_id=95&lang=brn"]}]},{"@type":"ImageObject","inLanguage":"en-US","@id":"https://www.probike-messerli.ch/?page_id=95&lang=brn#primaryimage","url":"https://www.probike-messerli.ch/wp-content/uploads/2021/06/Shop-front-1-1024x629.jpg","contentUrl":"https://www.probike-messerli.ch/wp-content/uploads/2021/06/Shop-front-1-1024x629.jpg"},{"@type":"BreadcrumbList","@id":"https://www.probike-messerli.ch/?page_id=95&lang=brn#breadcrumb","itemListElement":[{"@type":"ListItem","position":1,"name":"Home","item":"https://www.probike-messerli.ch/"},{"@type":"ListItem","position":2,"name":"Über üs"}]},{"@type":"WebSite","@id":"https://www.probike-messerli.ch/#website","url":"https://www.probike-messerli.ch/","name":"Pro Bike Messerli","description":"Velo - Mofa - Roller - Motorrad","publisher":{"@id":"https://www.probike-messerli.ch/#organization"},"potentialAction":[{"@type":"SearchAction","target":{"@type":"EntryPoint","urlTemplate":"https://www.probike-messerli.ch/?s={search_term_string}"},"query-input":{"@type":"PropertyValueSpecification","valueRequired":true,"valueName":"search_term_string"}}],"inLanguage":"en-US"},{"@type":"Organization","@id":"https://www.probike-messerli.ch/#organization","name":"Pro Bike Messerli","url":"https://www.probike-messerli.ch/","logo":{"@type":"ImageObject","inLanguage":"en-US","@id":"https://www.probike-messerli.ch/#/schema/logo/image/","url":"https://www.probike-messerli.ch/wp-content/uploads/2021/04/Pro_Bike_Messerli_schwarz_bkgnd.png","contentUrl":"https://www.probike-messerli.ch/wp-content/uploads/2021/04/Pro_Bike_Messerli_schwarz_bkgnd.png","width":1063,"height":1063,"caption":"Pro Bike Messerli"},"image":{"@id":"https://www.probike-messerli.ch/#/schema/logo/image/"},"sameAs":["https://www.instagram.com/probike_messerli/"]}]}</script>
<!-- / Yoast SEO plugin. -->

Über üs &#8211; Pro Bike Messerli

Hie wird ä Churzbiografie stah.
